1101000010100
-54310054 (base 6) to base 7
-16456453
What is -1101011100100011010000 (base 2) in base 4?
-31130203100
Convert -1c6170 (base 13) to base 7.
-6116616
What is -109993 (base 12) in base 2?
-1000000111000111111
Convert -2455653 (base 10) to base 3.
-11121202112010
What is -24c4 (base 13) in base 10?
-5230
-11000220110121 (base 3) to base 13
-5a0904
Convert -10123553 (base 6) to base 8.
-1070535
Convert -793199 (base 10) to base 16.
-c1a6f
Convert 12002110202 (base 3) to base 9.
162422
846522 (base 10) to base 3
1121000012200
What is 192861 (base 12) in base 10?
440137
5056011 (base 7) to base 4
2103003030
Convert 102311130130 (base 4) to base 15.
677e6a
What is 12211020202002 (base 3) in base 12?
105320b
-31516a1 (base 11) to base 4
-111023100003
-1597605 (base 12) to base 9
-8301405
What is -8a8b (base 15) in base 13?
-104b1
689295 (base 15) to base 6
255000035
34261511 (base 7) to base 13
808b4a
Convert -39581 (base 12) to base 10.
-78577
Convert 10012211011 (base 3) to base 5.
4011132
Convert -3892 (base 12) to base 14.
-24c6
What is -6b4402 (base 15) in base 12?
-187339b
What is 21785c (base 16) in base 11?
1269011
-488de (base 16) to base 5
-34002212
Convert -348572 (base 9) to base 3.
-101122122102
Convert 5d49e8 (base 15) to base 4.
101003133113
What is 57061 (base 10) in base 2?
1101111011100101
123342 (base 10) to base 16
1e1ce
Convert 1011110010100100011010 (base 2) to base 15.
410b79
What is -32125 (base 9) in base 4?
-11023331
Convert 1cb551 (base 15) to base 3.
2122101120111
What is -3dd1a (base 15) in base 11?
-126317
What is 10414300422 (base 5) in base 15?
101ae5c
3145453 (base 8) to base 12
345263
-10000111110010100101100 (base 2) to base 9
-8331607
-2342022100 (base 5) to base 6
-312124200
1b190 (base 14) to base 6
1251030
What is -2251d (base 15) in base 9?
-175651
53ab1 (base 14) to base 3
101021200022
2050976 (base 10) to base 15
2a7a6b
77753 (base 8) to base 9
48825
What is -13134133 (base 5) in base 10?
-130543
100001110111000000 (base 2) to base 13
4b184
What is 12231213 (base 9) in base 6?
332134103
Convert -123133330113 (base 4) to base 10.
-7208727
What is -21f8bc (base 16) in base 6?
-115415124
What is -11110110122 (base 3) in base 12?
-429a5
Convert -21553002 (base 6) to base 5.
-131340123
Convert 1200121220 (base 3) to base 2.
1000000111101101
1b296a (base 12) to base 2
1110101100111100010
-17a6fe (base 16) to base 5
-344100303
What is 20202110011 (base 3) in base 15?
29621
Convert -110103320331 (base 4) to base 11.
-3007298
What is -7969c (base 15) in base 4?
-1132103013
What is -10663415 (base 7) in base 16?
-e57fc
-2c57b1 (base 14) to base 6
-53132355
Convert 113513412 (base 6) to base 2.
1000001010100101010000
Convert 22222201221011 (base 3) to base 4.
102032131120
What is d7ac40 (base 15) in base 4?
213021203220
Convert 10010110010110100110 (base 2) to base 14.
120610
232d9 (base 16) to base 14
3a721
-111010010111100110100 (base 2) to base 8
-7227464
Convert -8d461d (base 14) to base 15.
-651654
Convert 4080149 (base 10) to base 4.
33210020111
What is -260979 (base 13) in base 3?
-1201111221010
-101000100101011110100100 (base 2) to base 12
-3690b98
What is -134434010 (base 6) in base 7?
-32206623
What is 1862a (base 15) in base 14?
20b1d
Convert -4b521 (base 14) to base 15.
-39b8c
19171b (base 12) to base 14
b59b1
What is 1655 (base 10) in base 7?
4553
Convert -101120121110120 (base 3) to base 11.
-319a6a9
Convert -81c1bc (base 15) to base 11.
-3532004
-2125115 (base 8) to base 13
-16b636
What is 90581 (base 10) in base 3?
11121020212
What is -110112022213 (base 4) in base 10?
-5333671
106201 (base 13) to base 3
201112212101
What is 13241303 (base 5) in base 2?
100000101101000001
What is 143462 (base 7) in base 10?
27680
Convert -38786 (base 14) to base 7.
-1115226
What is -b11172 (base 12) in base 16?
-2a1ca6
What is -22002200 (base 4) in base 16?
-a0a0
Convert 3dfc8 (base 16) to base 9.
426246
Convert -8520306 (base 9) to base 12.
-163ab80
What is 2185843 (base 10) in base 9?
4101364
-2115201 (base 7) to base 11
-165639
-55a414 (base 12) to base 4
-11031123100
What is 30a8339 (base 11) in base 12?
19ba902
-54152 (base 6) to base 8
-16364
What is -2124541 (base 6) in base 7?
-614251
What is -100000000101000 (base 2) in base 16?
-4028
What is 857430 (base 9) in base 8?
1745273
What is -17ad6 (base 14) in base 5?
-3403042
Convert 39719 (base 13) to base 16.
1a0a5
What is 110b49b (base 13) in base 5?
2314114243
What is -60624155 (base 7) in base 5?
-2243021423
Convert -3442432 (base 6) to base 15.
-37602
What is 44872 (base 9) in base 11?
20498
Convert 110010000111010111 (base 2) to base 15.
40c4b
-1906ba (base 13) to base 14
-1255ad
Convert -101001110010000100111110 (base 2) to base 5.
-10300444042
245b9 (base 13) to base 16
1055b
365228 (base 10) to base 16
592ac
11111100110011111010 (base 2) to base 12
41b30a
bf8293 (base 16) to base 13
27a5915
22134412 (base 6) to base 8
2424410
1515144 (base 7) to base 12
9b189
What is 245110 (base 10) in base 7?
2040415
548541 (base 10) to base 13
1628a6
-1c73e3 (base 15) to base 10
-1391388
3222233222 (base 4) to base 7
11113151
What is -131a652 (base 12) in base 13?
-a20815
What is 45a1b03 (base 12) in base 11?
7621771
Convert -1740718 (base 10) to base 13.
-48c415
Convert 1001010001011011011 (base 2) to base 13.
a83ac
-1087018 (base 9) to base 11
-37261a
What is 47722 (base 13) in base 8?
377422
What is 202021022120222 (base 3) in base 14?
1605d84
558553 (base 9) to base 10
334335
1453140 (base 6) to base 3
11022112020
Convert -46a410 (base 12) to base 13.
-30aa58
Convert 17d7e (base 15) to base 4.
102313232
What is 451a69 (base 13) in base 11?
a15122
What is -9847 (base 13) in base 15?
-6424
Convert 1653962 (base 13) to base 5.
3321034224
-102300120 (base 5) to base 11
-275038
Convert 91969 (base 10) to base 14.
25733
Convert -1af97 (base 16) to base 4.
-122332113
Convert -44598 (base 14) to base 12.
-7bb0a
Convert -2122011212 (base 3) to base 13.
-1a807
What is -606613 (base 8) in base 5?
-22400300
9a812 (base 11) to base 15
2d425
813707 (base 10) to base 11
506394
25a010 (base 13) to base 3
1201002200110
What is 300100213103 (base 4) in base 15?
119d678
2260a (base 15) to base 7
633556
21120133013 (base 4) to base 12
9a745b
What is 100001001100111000011111 (base 2) in base 15?
b6dc49
-4f5f4f (base 16) to base 2
-10011110101111101001111
What is 55240052 (base 8) in base 15?
1099812
What is 26686334 (base 9) in base 8?
62162676
Convert 22032141 (base 7) to base 15.
275186
What is -143310032 (base 6) in base 3?
-12120120210202
-1781402 (base 9) to base 2
-11110011101110110111
What is -1244087 (base 10) in base 2?
-100101111101110110111
Convert -c48dc (base 14) to base 3.
-220001211120
Convert -2708c (base 13) to base 16.
-11ba9
Convert 80c17d (base 16) to base 13.
19959aa
Convert 206309 (base 13) to base 6.
24113152
Convert 4213403 (base 5) to base 14.
1b657
What is -2c9ae (base 16) in base 14?
-4a822
-4522155 (base 7) to base 13
-167cac
What is -1000101111101010000101111 (base 2) in base 8?
-105752057
Convert 158220 (base 10) to base 4.
212220030
-3103130311 (base 4) to base 9
-1560054
Convert -1020101001001 (base 3) to base 11.
-409563
What is 32634163 (base 7) in base 10?
2815438
52c68 (base 13) to base 3
21120211010
Convert -871137 (base 9) to base 14.
-d72b1
-73fa1b (base 16) to base 12
-266664b
What is 34361023 (base 7) in base 5?
1232201122
What is -13215274 (base 8) in base 15?
-3d5c94
Convert 140206 (base 8) to base 16.
c086
Convert -104213114 (base 5) to base 8.
-1603171
What is -454544 (base 8) in base 3?
-21211012002
What is -601144 (base 7) in base 5?
-11220031
12303442 (base 5) to base 9
201516
What is -288f38 (base 16) in base 2?
-1010001000111100111000
Convert -7b591 (base 12) to base 4.
-220101331
What is -1aa5486 (base 11) in base 6?
-203441014
What is 6152240 (base 7) in base 5?
142014033
11223420 (base 5) to base 3
12011112222
What is -66313014 (base 8) in base 11?
-805a5a6
What is -767535 (base 8) in base 14?
-69da5
Convert -67124406 (base 8) to base 4.
-313022210012
540362 (base 11) to base 8
3227772
What is 1000100101111001010001 (base 2) in base 7?
25100450
Convert -35011342 (base 6) to base 12.
-439b52
Convert 212032031 (base 4)